*(2 - 12/5). What is the units digit of s(m)?
7
Suppose 2904 = -36*i + 60*i. Let q = i - -423. What is the units digit of q?
4
Let f(i) = 4427*i**2 + 463*i - 1840. What is the tens digit of f(4)?
4
Suppose 404 = -25*w + 29*w. Suppose 61 = -3*g - 32. Let o = w + g. What is the units digit of o?
0
Let x be (-1 - 1)/(-4*3/(-12)). Let d be x/(-2) - 3/(-6)*6. Suppose -2*f + 738 = d*f. What is the hundreds digit of f?
1
Let z = 1176 - -525. What is the thousands digit of z?
1
Let h = 737 - 721. What is the tens digit of h?
1
Let b = -8 - -32. Let g = 25 - b. Let q = g + 87. What is the units digit of q?
8
Let c(i) = -2*i**3 - i + 1. Let g be c(1). Let j(p) = -4*p + 3. Let o be j(g). Let s(k) = 3*k + 7. What is the units digit of s(o)?
0
Let b be (33/27 - 1)*9. Let p be 1 + 1 + (-1 - -12). Suppose -b*g = -g - p. What is the tens digit of g?
1
Let y(v) = -3*v - 24. Let c be y(-9). Suppose 2*a - c*a + 291 = 0. Let s = 432 - a. What is the hundreds digit of s?
1
Let t = -2900 + 4100. What is the hundreds digit of t?
2
Let b be -1*(-12)/(-8)*(-1 + 3). Let o(r) = -7 - 8*r**3 + 2*r**2 + 6*r**3 - 4*r - 6*r**3. What is the units digit of o(b)?
9
Suppose 28 = 80*y - 78*y. Let b(n) = 2*n**2 + 66*n + 11. What is the thousands digit of b(y)?
1
Let o(x) = 7*x**2 - 7*x + 4. Let c be o(2). Let a be 17/2 + (-3)/c*-3. What is the tens digit of a/27 + (-146)/(-3)?
4
Let w = -331 - -627. Suppose -2*g + s + 206 = 0, w = 3*g - 0*s + 5*s. Let a = -32 + g. What is the units digit of a?
0
Let a(d) = 235*d**3 - 16*d**2 + 13*d + 3. Let b(x) = -117*x**3 + 7*x**2 - 6*x - 1. Let s(y) = -2*a(y) - 5*b(y). What is the units digit of s(1)?
5
Let x = -128 - -124. Let p(l) = -17*l**3 - 11*l**2 - 5*l - 3. What is the units digit of p(x)?
9
Let r(d) = 119 + 18*d - 26*d**2 + 44*d**2 - 17*d**2. What is the tens digit of r(21)?
3
Suppose 4*z + t = 848, 9*z - 4*z - 1059 = -t. Suppose p = 4*b + 54, -4*p - 3*b + 5 = -z. What is the tens digit of p?
5
Suppose 0 = 10*x - 9*x + m - 3, -3*x + 25 = -5*m. Suppose x*k + 256 = 7*k. What is the hundreds digit of k?
1
Suppose 0 = o, 3*q = -47*o + 43*o + 34299. What is the hundreds digit of q?
4
Suppose -7*t + 572 = -1486. Suppose -2*w + 3*r = -616, w + r - t = -r. What is the units digit of w?
2
Suppose -2*k = -4*b - 65256, 56*k - 4*b + 130512 = 60*k. What is the hundreds digit of k?
6
Let i = -22558 + 26982. What is the thousands digit of i?
4
Let s = 132 - -5349. What is the hundreds digit of s?
4
Suppose 5324 = 3*q - 4*o, -7150 = -4*q - 6*o + 4*o. What is the units digit of q?
4
What is the tens digit of ((-9230403)/(-84))/13 + (-1)/(-4)?
5
Suppose -44*h + 2188716 = 51*h - 4449504. What is the thousands digit of h?
9
Suppose 442*j + 24 = 448*j. What is the units digit of j - (2500/(-4) + 1)?
8
Suppose 1828 = 2*v - 5*i, 2*i - 8 = 4*i. Suppose 39*d - 64382 = v. What is the hundreds digit of d?
6
What is the units digit of 270028/66 - (1 - (-5)/15)?
0
Suppose n = -5*r + 8, 6*n + 8 = -r + n. Suppose -4*u - r*g = -1788, -5*u - 3*g = -u - 1792. What is the hundreds digit of u?
4
Let b(y) = -41*y + 44. Let l = 137 - 143. What is the hundreds digit of b(l)?
2
Suppose -5*j + 2*d = 8, 4*d = -6*j + 7*j + 16. Suppose j = 49*o - 44*o - 1240. What is the units digit of o?
8
Let y be (-2 - 36/(-15))*5. Let a be (36/(-45))/(1/(-5)). Suppose a*j - 252 = -0*f + f, -y*j + 126 = -2*f. What is the tens digit of j?
6
Let n(b) = 14*b - 12. Suppose x - 7*f - 23 = -10*f, 3*x - 3*f = 9. What is the units digit of n(x)?
0
Let i = 459 + 1556. What is the units digit of i?
5
Let m = 2795 + 2216. What is the thousands digit of m?
5
Let p(w) = 73*w - 55. Let h be p(11). Suppose -2*s + 296 = 5*z - 641, 0 = 4*z + 2*s - h. What is the hundreds digit of z?
1
Let q = 61998 + -7768. What is the ten thousands digit of q?
5
Suppose 2*g + 4*y - 34982 = 0, 14*g + 2*y = 12*g + 34992. What is the units digit of g?
1
Let j(g) = 100*g**2 + 7*g + 3. Let f(t) = -139*t**2 - 10*t - 5. Let n(d) = 5*f(d) + 7*j(d). Let r = 2 + -5. What is the units digit of n(r)?
4
Let z = 3168 + -4745. Let i = z - -2728. What is the units digit of i?
1
Let l = -425 - -916. What is the hundreds digit of l?
4
Let d be (-71)/(8 + (-1672)/208). Let r = d + -818. What is the thousands digit of r?
1
What is the ten thousands digit of (3663/(-33))/(2/(-10) - (-358)/1865)?
1
Suppose 199 = 15*o + 1339. Let a = 1062 - o. What is the hundreds digit of a?
1
Suppose -4*h + 30560 - 11812 = 0. What is the hundreds digit of h?
6
Let x(z) = z**3 + 11*z**2 - 2*z + 12. Let g be x(-9). Suppose 4*u = 476 + 664. Let d = u - g. What is the tens digit of d?
9
Suppose -2*g - 7*g = -27. Suppose -q = 0, 5*i - 6921 = g*q + 2474. What is the thousands digit of i?
1
Let c(x) = -72*x + 14. Let s be c(-8). Let l be s + 3/6*-6. Suppose l = 5*q + 4*b, -2*q + 4*b = q - 365. What is the tens digit of q?
1
Suppose -t - 3*k + 9297 = 0, 0 = -11*k + 10*k + 5. What is the units digit of t?
2
Suppose 28*n - 129797 = -40041 + 106188. What is the hundreds digit of n?
9
Let z = -7084 + 12306. What is the thousands digit of z?
5
Suppose w - 3*w = 3*w. Suppose w = -10*d + 6*d + 48. What is the tens digit of d?
1
Suppose 0 = -4*p + 3*p + 2. Let k(n) = -62*n**2 + n - 24. Let z(i) = -60*i**2 - 35. Let d(r) = -3*k(r) + 2*z(r). What is the units digit of d(p)?
0
Suppose -20*y + 1051374 = -164946. What is the tens digit of y?
1
Let f = 4588 + -3865. What is the units digit of f?
3
Let n(c) = -c**3 + 8*c**2 - 12*c + 17. Let p be n(11). Let y = p - -761. What is the units digit of y?
3
Suppose -5*z + 3*f = -33268, -7*z + 9*z - f - 13306 = 0. What is the tens digit of z?
5
Let v(o) = -137*o - 69 - 81 + 21. What is the tens digit of v(-6)?
9
Let u = 2543 - -23732. What is the tens digit of u?
7
Let w(d) = 195*d**3 - d**2 - 19*d + 202. What is the ten thousands digit of w(5)?
2
Let u = 2367 - 1085. Let y = u - 915. What is the tens digit of y?
6
What is the thousands digit of 5730/((-13)/(520/(-30)))?
7
Let f(b) = 60*b**2 + 4*b + b - 77*b**2 + b**3 - 6. What is the hundreds digit of f(18)?
4
Suppose -3*z + 2*z = -4. Suppose 3*s + 3312 = 4*t + z*s, t - 825 = -s. What is the tens digit of t?
2
Let k(p) = -563*p + 300. What is the tens digit of k(-27)?
0
Suppose -v + 1105*x + 8141 = 1107*x, x + 8120 = v. What is the tens digit of v?
2
Suppose -2*t - 2563 - 477 = 0. Let r be ((t/12)/5)/((-3)/9). Let a = 124 - r. What is the tens digit of a?
4
Let s = -60 + 63. Suppose -4*u + 87 = -s*m + 28, -5*u + 5*m = -70. What is the units digit of u?
7
Suppose 4*a + 3 + 24 = 5*k, 2*a + k = -17. Let o(f) = -f**2 - 8*f + 2. Let r be o(a). Suppose 11 = -r*q + 3*q. What is the tens digit of q?
1
Suppose 48*a = 971792 - 149264. What is the thousands digit of a?
7
Suppose 127*a = 2392257 - 791676. What is the thousands digit of a?
2
Suppose -38046 - 893802 = -82*w. What is the tens digit of w?
6
Let i = 330 - 683. Let l = 748 + i. What is the tens digit of l?
9
Let q(r) = r**3 - 10*r**2 + 2*r + 2. Suppose -6*c = 5*c - 22. Suppose 2*i - 4*i + u + 21 = 0, -5*i + 57 = c*u. What is the hundreds digit of q(i)?
1
Suppose 0*i - 670 = -2*i. Let f = -7194 + 7197. Suppose -5*z + i = -3*u, -5*u = 2*z - f*z + 67. What is the tens digit of z?
6
Let j be (-2)/3 + (47876/(-12))/(-1). Let b = j - 2745. What is the tens digit of b?
4
Let s(w) = 19*w**3 + w**2 - 23*w + 4. What is the hundreds digit of s(7)?
4
Let z(g) = -8051*g - 258. What is the thousands digit of z(-1)?
7
Suppose -35*u - 4499 = -46*u. Let b = 70 + u. What is the tens digit of b?
7
Let a(k) = 21*k - 1. Let f be a(4). Suppose -n = -m - 180, 3*n = m + 99 + f. Let p = m - -319. What is the tens digit of p?
4
Let q(j) = j - 12. Let i be q(14). Suppose i*k - 18 = -k. Suppose -k*r - 39 + 291 = 0. What is the units digit of r?
2
Let h = 29 + -28. Suppose 5 = 3*k - h, 0 = 3*i + 2*k - 3814. What is the hundreds digit of i?
2
Let g(s) = -s**3 + s**2 - s - 12. Let m be g(0). Let l = m + 60. Let z = l - 7. What is the tens digit of z?
4
Suppose 4*s - 30 = -6. Suppose -s*g + 4*g = 186. Let x = g + 161. What is the units digit of x?
8
Suppose f = -r + 2, 4*f = r - 0*f - 7. Suppose -289 = -2*z - r*b, -481 = -4*z - 3*b + 106. What is the tens digit of z?
4
Suppose 11*b + 18 = 7. What is the hundreds digit of 1 + (1 - b) + 8920/20?
4
Let i be 7*(20/2 + 1). 